{"id":19,"date":"2015-07-20T02:52:57","date_gmt":"2015-07-20T02:52:57","guid":{"rendered":"https:\/\/staging.laboiteasoleil.ca\/fra\/?page_id=19"},"modified":"2025-11-10T20:46:00","modified_gmt":"2025-11-10T20:46:00","slug":"vison-mission-et-valeurs","status":"publish","type":"page","link":"https:\/\/laboiteasoleil.ca\/fra\/vison-mission-et-valeurs\/","title":{"rendered":"Vision, Mission et Valeurs"},"content":{"rendered":"\t\t<div data-elementor-type=\"wp-page\" data-elementor-id=\"19\" class=\"elementor elementor-19\" data-elementor-post-type=\"page\">\n\t\t\t\t\t\t<section class=\"elementor-section elementor-top-section elementor-element elementor-element-301fe367 elementor-section-boxed elementor-section-height-default elementor-section-height-default\" data-id=\"301fe367\" data-element_type=\"section\" data-e-type=\"section\" data-settings=\"{&quot;shape_divider_bottom&quot;:&quot;clouds&quot;}\">\n\t\t\t\t\t<div class=\"elementor-shape elementor-shape-bottom\" aria-hidden=\"true\" data-negative=\"false\">\n\t\t\t<svg xmlns=\"http:\/\/www.w3.org\/2000\/svg\" viewBox=\"0 0 283.5 27.8\" preserveAspectRatio=\"xMidYMax slice\">\n  <path class=\"elementor-shape-fill\" d=\"M0 0v6.7c1.9-.8 4.7-1.4 8.5-1 9.5 1.1 11.1 6 11.1 6s2.1-.7 4.3-.2c2.1.5 2.8 2.6 2.8 2.6s.2-.5 1.4-.7c1.2-.2 1.7.2 1.7.2s0-2.1 1.9-2.8c1.9-.7 3.6.7 3.6.7s.7-2.9 3.1-4.1 4.7 0 4.7 0 1.2-.5 2.4 0 1.7 1.4 1.7 1.4h1.4c.7 0 1.2.7 1.2.7s.8-1.8 4-2.2c3.5-.4 5.3 2.4 6.2 4.4.4-.4 1-.7 1.8-.9 2.8-.7 4 .7 4 .7s1.7-5 11.1-6c9.5-1.1 12.3 3.9 12.3 3.9s1.2-4.8 5.7-5.7c4.5-.9 6.8 1.8 6.8 1.8s.6-.6 1.5-.9c.9-.2 1.9-.2 1.9-.2s5.2-6.4 12.6-3.3c7.3 3.1 4.7 9 4.7 9s1.9-.9 4 0 2.8 2.4 2.8 2.4 1.9-1.2 4.5-1.2 4.3 1.2 4.3 1.2.2-1 1.4-1.7 2.1-.7 2.1-.7-.5-3.1 2.1-5.5 5.7-1.4 5.7-1.4 1.5-2.3 4.2-1.1c2.7 1.2 1.7 5.2 1.7 5.2s.3-.1 1.3.5c.5.4.8.8.9 1.1.5-1.4 2.4-5.8 8.4-4 7.1 2.1 3.5 8.9 3.5 8.9s.8-.4 2 0 1.1 1.1 1.1 1.1 1.1-1.1 2.3-1.1 2.1.5 2.1.5 1.9-3.6 6.2-1.2 1.9 6.4 1.9 6.4 2.6-2.4 7.4 0c3.4 1.7 3.9 4.9 3.9 4.9s3.3-6.9 10.4-7.9 11.5 2.6 11.5 2.6.8 0 1.2.2c.4.2.9.9.9.9s4.4-3.1 8.3.2c1.9 1.7 1.5 5 1.5 5s.3-1.1 1.6-1.4c1.3-.3 2.3.2 2.3.2s-.1-1.2.5-1.9 1.9-.9 1.9-.9-4.7-9.3 4.4-13.4c5.6-2.5 9.2.9 9.2.9s5-6.2 15.9-6.2 16.1 8.1 16.1 8.1.7-.2 1.6-.4V0H0z\"\/>\n<\/svg>\n\t\t<\/div>\n\t\t\t\t\t<div class=\"elementor-container elementor-column-gap-default\">\n\t\t\t\t\t<div class=\"elementor-column elementor-col-100 elementor-top-column elementor-element elementor-element-1a9be365\" data-id=\"1a9be365\" data-element_type=\"column\" data-e-type=\"column\">\n\t\t\t<div class=\"elementor-widget-wrap elementor-element-populated\">\n\t\t\t\t\t\t<div class=\"elementor-element elementor-element-40560939 elementor-widget elementor-widget-text-editor\" data-id=\"40560939\" data-element_type=\"widget\" data-e-type=\"widget\" data-widget_type=\"text-editor.default\">\n\t\t\t\t<div class=\"elementor-widget-container\">\n\t\t\t\t\t\t\t\t\t<h5 role=\"presentation\" aria-hidden=\"true\" data-uw-rm-heading=\"hide\"><strong><img fetchpriority=\"high\" decoding=\"async\" class=\"alignright\" src=\"https:\/\/laboiteasoleil.ca\/fra\/wp-content\/uploads\/2024\/06\/mission.png\" alt=\"\" width=\"225\" height=\"378\" \/><\/strong><span class=\"data-uw-rm-autofix-hide\" style=\"color: #ffffff !important; background: #000000 !important; clip: rect(1px, 1px, 1px, 1px) !important; clip-path: inset(50%) !important; height: 1px !important; width: 1px !important; margin: -1px !important; overflow: hidden !important; padding: 0px !important; position: absolute !important;\" data-uw-reader-element=\"\" data-uw-rm-ignore=\"\">Empty heading<\/span><\/h5><h5 role=\"heading\" data-uw-rm-heading=\"level\" aria-level=\"1\">VISION<\/h5><p>Un environnement francophone de qualit\u00e9 o\u00f9 chacun grandit, apprend et s\u2019\u00e9panouit.<\/p><h5 style=\"text-align: left;\" role=\"heading\" data-uw-rm-heading=\"level\" aria-level=\"2\"><strong>MISSION<\/strong><\/h5><p>La Bo\u00eete \u00e0 soleil est une coop\u00e9rative francophone de centres \u00e9ducatifs qui offre un environnement s\u00e9curitaire, chaleureux et stimulant aux enfants de la p\u00e9ninsule du Niagara et des programmes et services de qualit\u00e9 qui r\u00e9pondent aux besoins des parents. Gr\u00e2ce \u00e0 son personnel comp\u00e9tent et passionn\u00e9, les enfants grandissent, apprennent et s\u2019\u00e9panouissent dans un milieu ax\u00e9 sur l\u2019apprentissage par le jeu.<\/p><h5 role=\"heading\" data-uw-rm-heading=\"level\" aria-level=\"3\"><strong>VALEURS<\/strong><\/h5><ul><li style=\"font-size: 16px;\">bienveillance<\/li><li style=\"font-size: 16px;\">engagement<\/li><li style=\"font-size: 16px;\">excellence<\/li><li style=\"font-size: 16px;\">collaboration<\/li><\/ul><p>\u00a0<\/p><div>\u00a0<\/div><div>\u00a0<\/div><div>\u00a0<\/div>\t\t\t\t\t\t\t\t<\/div>\n\t\t\t\t<\/div>\n\t\t\t\t\t<\/div>\n\t\t<\/div>\n\t\t\t\t\t<\/div>\n\t\t<\/section>\n\t\t\t\t<section class=\"elementor-section elementor-top-section elementor-element elementor-element-f9028e8 elementor-section-boxed elementor-section-height-default elementor-section-height-default\" data-id=\"f9028e8\" data-element_type=\"section\" data-e-type=\"section\" data-settings=\"{&quot;shape_divider_top&quot;:&quot;clouds&quot;,&quot;shape_divider_top_negative&quot;:&quot;yes&quot;}\">\n\t\t\t\t\t<div class=\"elementor-shape elementor-shape-top\" aria-hidden=\"true\" data-negative=\"true\">\n\t\t\t<svg xmlns=\"http:\/\/www.w3.org\/2000\/svg\" viewBox=\"0 0 283.5 27.8\" preserveAspectRatio=\"xMidYMax slice\">\n\t<path class=\"elementor-shape-fill\" d=\"M265.8 3.5c-10.9 0-15.9 6.2-15.9 6.2s-3.6-3.5-9.2-.9c-9.1 4.1-4.4 13.4-4.4 13.4s-1.2.2-1.9.9c-.6.7-.5 1.9-.5 1.9s-1-.5-2.3-.2c-1.3.3-1.6 1.4-1.6 1.4s.4-3.4-1.5-5c-3.9-3.4-8.3-.2-8.3-.2s-.6-.7-.9-.9c-.4-.2-1.2-.2-1.2-.2s-4.4-3.6-11.5-2.6-10.4 7.9-10.4 7.9-.5-3.3-3.9-4.9c-4.8-2.4-7.4 0-7.4 0s2.4-4.1-1.9-6.4-6.2 1.2-6.2 1.2-.9-.5-2.1-.5-2.3 1.1-2.3 1.1.1-.7-1.1-1.1c-1.2-.4-2 0-2 0s3.6-6.8-3.5-8.9c-6-1.8-7.9 2.6-8.4 4-.1-.3-.4-.7-.9-1.1-1-.7-1.3-.5-1.3-.5s1-4-1.7-5.2c-2.7-1.2-4.2 1.1-4.2 1.1s-3.1-1-5.7 1.4-2.1 5.5-2.1 5.5-.9 0-2.1.7-1.4 1.7-1.4 1.7-1.7-1.2-4.3-1.2c-2.6 0-4.5 1.2-4.5 1.2s-.7-1.5-2.8-2.4c-2.1-.9-4 0-4 0s2.6-5.9-4.7-9c-7.3-3.1-12.6 3.3-12.6 3.3s-.9 0-1.9.2c-.9.2-1.5.9-1.5.9S99.4 3 94.9 3.9c-4.5.9-5.7 5.7-5.7 5.7s-2.8-5-12.3-3.9-11.1 6-11.1 6-1.2-1.4-4-.7c-.8.2-1.3.5-1.8.9-.9-2.1-2.7-4.9-6.2-4.4-3.2.4-4 2.2-4 2.2s-.5-.7-1.2-.7h-1.4s-.5-.9-1.7-1.4-2.4 0-2.4 0-2.4-1.2-4.7 0-3.1 4.1-3.1 4.1-1.7-1.4-3.6-.7c-1.9.7-1.9 2.8-1.9 2.8s-.5-.5-1.7-.2c-1.2.2-1.4.7-1.4.7s-.7-2.3-2.8-2.8c-2.1-.5-4.3.2-4.3.2s-1.7-5-11.1-6c-3.8-.4-6.6.2-8.5 1v21.2h283.5V11.1c-.9.2-1.6.4-1.6.4s-5.2-8-16.1-8z\"\/>\n<\/svg>\n\t\t<\/div>\n\t\t\t\t\t<div class=\"elementor-container elementor-column-gap-default\">\n\t\t\t\t\t<div class=\"elementor-column elementor-col-100 elementor-top-column elementor-element elementor-element-dae8e61\" data-id=\"dae8e61\" data-element_type=\"column\" data-e-type=\"column\">\n\t\t\t<div class=\"elementor-widget-wrap elementor-element-populated\">\n\t\t\t\t\t\t<div class=\"elementor-element elementor-element-85f38c6 elementor-widget elementor-widget-heading\" data-id=\"85f38c6\" data-element_type=\"widget\" data-e-type=\"widget\" data-widget_type=\"heading.default\">\n\t\t\t\t<div class=\"elementor-widget-container\">\n\t\t\t\t\t<h2 class=\"elementor-heading-title elementor-size-default\">PLAN STRAT\u00c9GIQUE 2025 - 2028<br>Nous sommes: La Bo\u00eete \u00e0 soleil <\/h2>\t\t\t\t<\/div>\n\t\t\t\t<\/div>\n\t\t\t\t<div class=\"elementor-element elementor-element-cf794bd elementor-widget elementor-widget-text-editor\" data-id=\"cf794bd\" data-element_type=\"widget\" data-e-type=\"widget\" data-widget_type=\"text-editor.default\">\n\t\t\t\t<div class=\"elementor-widget-container\">\n\t\t\t\t\t\t\t\t\t<h4 role=\"presentation\" aria-hidden=\"true\" data-uw-rm-heading=\"hide\"><span class=\"a_GcMg font-feature-liga-off font-feature-clig-off font-feature-calt-off text-decoration-none text-strikethrough-none\">Nos priorit\u00e9s strat\u00e9giques : une vision partag\u00e9e pour l\u2019avenir<\/span><span class=\"data-uw-rm-autofix-hide\" style=\"color: #ffffff !important; background: #000000 !important; clip: rect(1px, 1px, 1px, 1px) !important; clip-path: inset(50%) !important; height: 1px !important; width: 1px !important; margin: -1px !important; overflow: hidden !important; padding: 0px !important; position: absolute !important;\" data-uw-reader-element=\"\" data-uw-rm-ignore=\"\">Empty heading<\/span><\/h4><p><span class=\"a_GcMg font-feature-liga-off font-feature-clig-off font-feature-calt-off text-decoration-none text-strikethrough-none\">La Bo\u00eete \u00e0 soleil s\u2019engage dans une d\u00e9marche strat\u00e9gique ambitieuse pour consolider son r\u00f4le de chef de file en petite enfance francophone. Pour les prochaines ann\u00e9es, cinq grandes priorit\u00e9s orienteront notre travail. Ensemble, elles refl\u00e8tent notre volont\u00e9 de b\u00e2tir un avenir solide, \u00e9quitable et inspirant pour notre personnel, nos familles et notre communaut\u00e9.<\/span> \u00e0 la transmission de la langue et de la culture.<\/p><h5 style=\"text-align: left;\" role=\"presentation\" aria-hidden=\"true\" data-uw-rm-heading=\"hide\"><span class=\"a_GcMg font-feature-liga-off font-feature-clig-off font-feature-calt-off text-decoration-none text-strikethrough-none\">Bien-\u00eatre du personnel<\/span><span class=\"data-uw-rm-autofix-hide\" style=\"color: #ffffff !important; background: #000000 !important; clip: rect(1px, 1px, 1px, 1px) !important; clip-path: inset(50%) !important; height: 1px !important; width: 1px !important; margin: -1px !important; overflow: hidden !important; padding: 0px !important; position: absolute !important;\" data-uw-reader-element=\"\" data-uw-rm-ignore=\"\">Empty heading<\/span><\/h5><h4 role=\"presentation\" aria-hidden=\"true\" data-uw-rm-heading=\"hide\"><span class=\"a_GcMg font-feature-liga-off font-feature-clig-off font-feature-calt-off text-decoration-none text-strikethrough-none\"><img decoding=\"async\" class=\"alignright wp-image-8683 \" src=\"https:\/\/laboiteasoleil.ca\/fra\/wp-content\/uploads\/2025\/11\/Nos-valeurs-1.png\" alt=\"\" width=\"400\" height=\"438\" srcset=\"https:\/\/laboiteasoleil.ca\/fra\/wp-content\/uploads\/2025\/11\/Nos-valeurs-1.png 688w, https:\/\/laboiteasoleil.ca\/fra\/wp-content\/uploads\/2025\/11\/Nos-valeurs-1-274x300.png 274w\" sizes=\"(max-width: 400px) 100vw, 400px\" \/><\/span><span class=\"data-uw-rm-autofix-hide\" style=\"color: #ffffff !important; background: #000000 !important; clip: rect(1px, 1px, 1px, 1px) !important; clip-path: inset(50%) !important; height: 1px !important; width: 1px !important; margin: -1px !important; overflow: hidden !important; padding: 0px !important; position: absolute !important;\" data-uw-reader-element=\"\" data-uw-rm-ignore=\"\">Empty heading<\/span><\/h4><p><span class=\"a_GcMg font-feature-liga-off font-feature-clig-off font-feature-calt-off text-decoration-none text-strikethrough-none\">Faire de La Bo\u00eete \u00e0 soleil un milieu de travail sain, respectueux et stimulant, o\u00f9 chaque membre du personnel se sent appuy\u00e9 dans son r\u00f4le, reconnu pour sa contribution et fier de faire partie de l\u2019\u00e9quipe.<\/span><\/p><h5 role=\"presentation\" aria-hidden=\"true\" data-uw-rm-heading=\"hide\"><span class=\"a_GcMg font-feature-liga-off font-feature-clig-off font-feature-calt-off text-decoration-none text-strikethrough-none\">Qualit\u00e9 \u00e9ducative et exp\u00e9rience familiale<\/span><span class=\"data-uw-rm-autofix-hide\" style=\"color: #ffffff !important; background: #000000 !important; clip: rect(1px, 1px, 1px, 1px) !important; clip-path: inset(50%) !important; height: 1px !important; width: 1px !important; margin: -1px !important; overflow: hidden !important; padding: 0px !important; position: absolute !important;\" data-uw-reader-element=\"\" data-uw-rm-ignore=\"\">Empty heading<\/span><\/h5><p><span class=\"a_GcMg font-feature-liga-off font-feature-clig-off font-feature-calt-off text-decoration-none text-strikethrough-none\">Offrir aux enfants et aux familles une exp\u00e9rience \u00e9ducative exceptionnelle, enracin\u00e9e dans la langue et la culture francophones, o\u00f9 la stabilit\u00e9, la communication et la bienveillance sont au coeur de chaque journ\u00e9e.<\/span><\/p><h5 role=\"presentation\" aria-hidden=\"true\" data-uw-rm-heading=\"hide\"><span class=\"a_GcMg font-feature-liga-off font-feature-clig-off font-feature-calt-off text-decoration-none text-strikethrough-none\">Gouvernance et leadership strat\u00e9gique<\/span><span class=\"data-uw-rm-autofix-hide\" style=\"color: #ffffff !important; background: #000000 !important; clip: rect(1px, 1px, 1px, 1px) !important; clip-path: inset(50%) !important; height: 1px !important; width: 1px !important; margin: -1px !important; overflow: hidden !important; padding: 0px !important; position: absolute !important;\" data-uw-reader-element=\"\" data-uw-rm-ignore=\"\">Empty heading<\/span><\/h5><p><span class=\"a_GcMg font-feature-liga-off font-feature-clig-off font-feature-calt-off text-decoration-none text-strikethrough-none\">Renforcer les capacit\u00e9s du conseil d\u2019administration pour exercer pleinement ses r\u00f4les fiduciaire, strat\u00e9gique et de cocr\u00e9ation, en assurant une gouvernance rigoureuse, align\u00e9e et connect\u00e9e aux r\u00e9alit\u00e9s de l\u2019organisation.<\/span><\/p><h5 role=\"presentation\" aria-hidden=\"true\" data-uw-rm-heading=\"hide\"><span class=\"a_GcMg font-feature-liga-off font-feature-clig-off font-feature-calt-off text-decoration-none text-strikethrough-none\">Rayonnement et engagement communautaire<\/span><span class=\"data-uw-rm-autofix-hide\" style=\"color: #ffffff !important; background: #000000 !important; clip: rect(1px, 1px, 1px, 1px) !important; clip-path: inset(50%) !important; height: 1px !important; width: 1px !important; margin: -1px !important; overflow: hidden !important; padding: 0px !important; position: absolute !important;\" data-uw-reader-element=\"\" data-uw-rm-ignore=\"\">Empty heading<\/span><\/h5><p><span class=\"a_GcMg font-feature-liga-off font-feature-clig-off font-feature-calt-off text-decoration-none text-strikethrough-none\">Faire rayonner La Bo\u00eete \u00e0 soleil comme un acteur incontournable de la petite enfance francophone, en renfor\u00e7ant sa pr\u00e9sence dans la communaut\u00e9, en d\u00e9veloppant des partenariats porteurs et en contribuant activement au d\u00e9veloppement r\u00e9gional.<\/span><\/p><h5 role=\"presentation\" aria-hidden=\"true\" data-uw-rm-heading=\"hide\"><span class=\"a_GcMg font-feature-liga-off font-feature-clig-off font-feature-calt-off text-decoration-none text-strikethrough-none\">Coh\u00e9rence et am\u00e9lioration continue<\/span><span class=\"data-uw-rm-autofix-hide\" style=\"color: #ffffff !important; background: #000000 !important; clip: rect(1px, 1px, 1px, 1px) !important; clip-path: inset(50%) !important; height: 1px !important; width: 1px !important; margin: -1px !important; overflow: hidden !important; padding: 0px !important; position: absolute !important;\" data-uw-reader-element=\"\" data-uw-rm-ignore=\"\">Empty heading<\/span><\/h5><p><span class=\"a_GcMg font-feature-liga-off font-feature-clig-off font-feature-calt-off text-decoration-none text-strikethrough-none\">Assurer que les valeurs de La Bo\u00eete \u00e0 soleil se refl\u00e8tent dans toutes les actions, d\u00e9cisions et relations, en misant sur des pratiques claires, justes et \u00e9volutives, et sur une culture d\u2019apprentissage collectif.<\/span><\/p><p><img decoding=\"async\" class=\"wp-image-8682 size-full aligncenter\" src=\"https:\/\/laboiteasoleil.ca\/fra\/wp-content\/uploads\/2025\/11\/Nos-valeurs.png\" alt=\"\" width=\"1774\" height=\"636\" srcset=\"https:\/\/laboiteasoleil.ca\/fra\/wp-content\/uploads\/2025\/11\/Nos-valeurs.png 1774w, https:\/\/laboiteasoleil.ca\/fra\/wp-content\/uploads\/2025\/11\/Nos-valeurs-300x108.png 300w, https:\/\/laboiteasoleil.ca\/fra\/wp-content\/uploads\/2025\/11\/Nos-valeurs-1024x367.png 1024w, https:\/\/laboiteasoleil.ca\/fra\/wp-content\/uploads\/2025\/11\/Nos-valeurs-768x275.png 768w, https:\/\/laboiteasoleil.ca\/fra\/wp-content\/uploads\/2025\/11\/Nos-valeurs-1536x551.png 1536w\" sizes=\"(max-width: 1774px) 100vw, 1774px\" \/><\/p><h3 role=\"presentation\" aria-hidden=\"true\" data-uw-rm-heading=\"hide\"><span class=\"a_GcMg font-feature-liga-off font-feature-clig-off font-feature-calt-off text-decoration-none text-strikethrough-none\">Nos principes directeurs \u2013 Ce qui nous unit au quotidien<\/span><span class=\"data-uw-rm-autofix-hide\" style=\"color: #ffffff !important; background: #000000 !important; clip: rect(1px, 1px, 1px, 1px) !important; clip-path: inset(50%) !important; height: 1px !important; width: 1px !important; margin: -1px !important; overflow: hidden !important; padding: 0px !important; position: absolute !important;\" data-uw-reader-element=\"\" data-uw-rm-ignore=\"\">Empty heading<\/span><\/h3><p><span class=\"a_GcMg font-feature-liga-off font-feature-clig-off font-feature-calt-off text-decoration-none text-strikethrough-none\">\u00c0 La Bo\u00eete \u00e0 soleil, nous croyons que nos valeurs prennent tout leur sens lorsqu\u2019elles se traduisent dans nos gestes, nos paroles et notre fa\u00e7on de travailler ensemble. Ces principes sont l\u00e0 pour nous inspirer, nous guider et nous rassembler autour de ce qui compte vraiment.<\/span><\/p><h5 class=\"cvGsUA direction-ltr align-start para-style-body\" role=\"presentation\" aria-hidden=\"true\" data-uw-rm-heading=\"hide\"><span class=\"a_GcMg font-feature-liga-off font-feature-clig-off font-feature-calt-off text-decoration-none text-strikethrough-none\">Bienveillance<\/span><span class=\"data-uw-rm-autofix-hide\" style=\"color: #ffffff !important; background: #000000 !important; clip: rect(1px, 1px, 1px, 1px) !important; clip-path: inset(50%) !important; height: 1px !important; width: 1px !important; margin: -1px !important; overflow: hidden !important; padding: 0px !important; position: absolute !important;\" data-uw-reader-element=\"\" data-uw-rm-ignore=\"\">Empty heading<\/span><\/h5><p class=\"cvGsUA direction-ltr align-start para-style-body\"><span class=\"a_GcMg font-feature-liga-off font-feature-clig-off font-feature-calt-off text-decoration-none text-strikethrough-none\">Nous pla\u00e7ons l\u2019humain au coeur de nos actions. Cela veut dire :<\/span><\/p><ul><li><span class=\"a_GcMg font-feature-liga-off font-feature-clig-off font-feature-calt-off text-decoration-none text-strikethrough-none\">Accueillir les autres avec respect, douceur et ouverture.<\/span><\/li><li><span class=\"a_GcMg font-feature-liga-off font-feature-clig-off font-feature-calt-off text-decoration-none text-strikethrough-none\">\u00catre \u00e0 l\u2019\u00e9coute \u2014 vraiment \u2014 et offrir notre soutien sans attendre qu\u2019on le demande.<\/span><\/li><li><span class=\"a_GcMg font-feature-liga-off font-feature-clig-off font-feature-calt-off text-decoration-none text-strikethrough-none\">Cultiver des gestes simples de bienveillance, autant envers les autres qu\u2019envers soi-m\u00eame.<\/span><\/li><li><span class=\"a_GcMg font-feature-liga-off font-feature-clig-off font-feature-calt-off text-decoration-none text-strikethrough-none\">Garder une attitude calme et respectueuse, m\u00eame quand les journ\u00e9es sont charg\u00e9es.<\/span><\/li><\/ul><h5 class=\"cvGsUA direction-ltr align-start para-style-body\" role=\"presentation\" aria-hidden=\"true\" data-uw-rm-heading=\"hide\"><span class=\"a_GcMg font-feature-liga-off font-feature-clig-off font-feature-calt-off text-decoration-none text-strikethrough-none\"><br \/>Engagement<\/span><span class=\"data-uw-rm-autofix-hide\" style=\"color: #ffffff !important; background: #000000 !important; clip: rect(1px, 1px, 1px, 1px) !important; clip-path: inset(50%) !important; height: 1px !important; width: 1px !important; margin: -1px !important; overflow: hidden !important; padding: 0px !important; position: absolute !important;\" data-uw-reader-element=\"\" data-uw-rm-ignore=\"\">Empty heading<\/span><\/h5><p class=\"cvGsUA direction-ltr align-start para-style-body\"><span class=\"a_GcMg font-feature-liga-off font-feature-clig-off font-feature-calt-off text-decoration-none text-strikethrough-none\">Nous nous investissons pleinement dans ce que nous faisons. Cela veut dire :<\/span><\/p><ul><li><span class=\"a_GcMg font-feature-liga-off font-feature-clig-off font-feature-calt-off text-decoration-none text-strikethrough-none\">Faire notre part avec coeur, constance et fiert\u00e9.<\/span><\/li><li><span class=\"a_GcMg font-feature-liga-off font-feature-clig-off font-feature-calt-off text-decoration-none text-strikethrough-none\">Oser prendre des initiatives pour faire avancer les choses.<\/span><\/li><li><span class=\"a_GcMg font-feature-liga-off font-feature-clig-off font-feature-calt-off text-decoration-none text-strikethrough-none\">\u00catre l\u00e0, activement, dans la vie de nos centres et de nos \u00e9quipes.<\/span><\/li><li><span class=\"a_GcMg font-feature-liga-off font-feature-clig-off font-feature-calt-off text-decoration-none text-strikethrough-none\">Rester fid\u00e8les \u00e0 notre mission, m\u00eame dans les moments les plus difficiles.<\/span><\/li><\/ul><h5 class=\"cvGsUA direction-ltr align-start para-style-body\" role=\"presentation\" aria-hidden=\"true\" data-uw-rm-heading=\"hide\"><span class=\"a_GcMg font-feature-liga-off font-feature-clig-off font-feature-calt-off text-decoration-none text-strikethrough-none\"><br \/>Excellence<\/span><span class=\"data-uw-rm-autofix-hide\" style=\"color: #ffffff !important; background: #000000 !important; clip: rect(1px, 1px, 1px, 1px) !important; clip-path: inset(50%) !important; height: 1px !important; width: 1px !important; margin: -1px !important; overflow: hidden !important; padding: 0px !important; position: absolute !important;\" data-uw-reader-element=\"\" data-uw-rm-ignore=\"\">Empty heading<\/span><\/h5><p class=\"cvGsUA direction-ltr align-start para-style-body\"><span class=\"a_GcMg font-feature-liga-off font-feature-clig-off font-feature-calt-off text-decoration-none text-strikethrough-none\">Nous cherchons toujours \u00e0 apprendre et \u00e0 nous d\u00e9passer. Cela veut dire :<\/span><\/p><ul><li><span class=\"a_GcMg font-feature-liga-off font-feature-clig-off font-feature-calt-off text-decoration-none text-strikethrough-none\">Se questionner, s\u2019am\u00e9liorer, s\u2019adapter.<\/span><\/li><li><span class=\"a_GcMg font-feature-liga-off font-feature-clig-off font-feature-calt-off text-decoration-none text-strikethrough-none\">Valoriser les apprentissages, les essais, et m\u00eame les erreurs.<\/span><\/li><li><span class=\"a_GcMg font-feature-liga-off font-feature-clig-off font-feature-calt-off text-decoration-none text-strikethrough-none\">Saisir les occasions de se former et de grandir, chacun\u00b7e \u00e0 son rythme.<\/span><\/li><li><span class=\"a_GcMg font-feature-liga-off font-feature-clig-off font-feature-calt-off text-decoration-none text-strikethrough-none\">\u00catre fiers du travail bien fait, petit ou grand.<\/span><\/li><\/ul><h5 class=\"cvGsUA direction-ltr align-start para-style-body\" role=\"presentation\" aria-hidden=\"true\" data-uw-rm-heading=\"hide\"><span class=\"a_GcMg font-feature-liga-off font-feature-clig-off font-feature-calt-off text-decoration-none text-strikethrough-none\"><br \/>Collaboration<\/span><span class=\"data-uw-rm-autofix-hide\" style=\"color: #ffffff !important; background: #000000 !important; clip: rect(1px, 1px, 1px, 1px) !important; clip-path: inset(50%) !important; height: 1px !important; width: 1px !important; margin: -1px !important; overflow: hidden !important; padding: 0px !important; position: absolute !important;\" data-uw-reader-element=\"\" data-uw-rm-ignore=\"\">Empty heading<\/span><\/h5><p class=\"cvGsUA direction-ltr align-start para-style-body\"><span class=\"a_GcMg font-feature-liga-off font-feature-clig-off font-feature-calt-off text-decoration-none text-strikethrough-none\">Nous avan\u00e7ons ensemble, avec confiance et respect. Cela veut dire :<\/span><\/p><ul><li><span class=\"a_GcMg font-feature-liga-off font-feature-clig-off font-feature-calt-off text-decoration-none text-strikethrough-none\">Travailler en \u00e9quipe, dans un esprit d\u2019\u00e9coute et de partage.<\/span><\/li><li><span class=\"a_GcMg font-feature-liga-off font-feature-clig-off font-feature-calt-off text-decoration-none text-strikethrough-none\">Cr\u00e9er un climat o\u00f9 chacun\u00b7e se sent respect\u00e9\u00b7e, entendu\u00b7e et soutenu\u00b7e.<\/span><\/li><li><span class=\"a_GcMg font-feature-liga-off font-feature-clig-off font-feature-calt-off text-decoration-none text-strikethrough-none\">Chercher ensemble des solutions, plut\u00f4t que de porter seul\u00b7e les d\u00e9fis.<\/span><\/li><li><span class=\"a_GcMg font-feature-liga-off font-feature-clig-off font-feature-calt-off text-decoration-none text-strikethrough-none\">Garder des communications simples, claires et humaines \u00e0 tous les niveaux.<\/span><\/li><\/ul><div>\u00a0<\/div><div><a href=\"https:\/\/laboiteasoleil.ca\/fra\/wp-content\/uploads\/2025\/11\/PS-2025-.pdf\" target=\"_blank\" rel=\"noopener\">PLAN STRAT\u00c9GIQUE 2025 &#8211; 2028 (PDF)<\/a><\/div><div>\u00a0<\/div>\t\t\t\t\t\t\t\t<\/div>\n\t\t\t\t<\/div>\n\t\t\t\t\t<\/div>\n\t\t<\/div>\n\t\t\t\t\t<\/div>\n\t\t<\/section>\n\t\t\t\t<\/div>\n\t\t","protected":false},"excerpt":{"rendered":"<p>Empty heading VISION Un environnement francophone de qualit\u00e9 o\u00f9 chacun grandit, apprend et s\u2019\u00e9panouit. MISSION La Bo\u00eete \u00e0 soleil est une coop\u00e9rative francophone de centres \u00e9ducatifs qui offre un environnement s\u00e9curitaire, chaleureux et stimulant aux enfants de la p\u00e9ninsule du Niagara et des programmes et services de qualit\u00e9 qui r\u00e9pondent aux besoins des parents. Gr\u00e2ce [&hellip;]<\/p>\n","protected":false},"author":1,"featured_media":0,"parent":0,"menu_order":0,"comment_status":"closed","ping_status":"closed","template":"","meta":{"_monsterinsights_skip_tracking":false,"_monsterinsights_sitenote_active":false,"_monsterinsights_sitenote_note":"","_monsterinsights_sitenote_category":0,"footnotes":""},"class_list":["post-19","page","type-page","status-publish","hentry"],"_links":{"self":[{"href":"https:\/\/laboiteasoleil.ca\/fra\/wp-json\/wp\/v2\/pages\/19","targetHints":{"allow":["GET"]}}],"collection":[{"href":"https:\/\/laboiteasoleil.ca\/fra\/wp-json\/wp\/v2\/pages"}],"about":[{"href":"https:\/\/laboiteasoleil.ca\/fra\/wp-json\/wp\/v2\/types\/page"}],"author":[{"embeddable":true,"href":"https:\/\/laboiteasoleil.ca\/fra\/wp-json\/wp\/v2\/users\/1"}],"replies":[{"embeddable":true,"href":"https:\/\/laboiteasoleil.ca\/fra\/wp-json\/wp\/v2\/comments?post=19"}],"version-history":[{"count":72,"href":"https:\/\/laboiteasoleil.ca\/fra\/wp-json\/wp\/v2\/pages\/19\/revisions"}],"predecessor-version":[{"id":8699,"href":"https:\/\/laboiteasoleil.ca\/fra\/wp-json\/wp\/v2\/pages\/19\/revisions\/8699"}],"wp:attachment":[{"href":"https:\/\/laboiteasoleil.ca\/fra\/wp-json\/wp\/v2\/media?parent=19"}],"curies":[{"name":"wp","href":"https:\/\/api.w.org\/{rel}","templated":true}]}}