{"id":56,"date":"2015-07-20T04:16:55","date_gmt":"2015-07-20T04:16:55","guid":{"rendered":"https:\/\/staging.laboiteasoleil.ca\/fra\/?page_id=56"},"modified":"2025-11-06T20:42:56","modified_gmt":"2025-11-06T20:42:56","slug":"offre-demploi","status":"publish","type":"page","link":"https:\/\/laboiteasoleil.ca\/fra\/offre-demploi\/","title":{"rendered":"Offres d\u2019emploi"},"content":{"rendered":"\t\t<div data-elementor-type=\"wp-page\" data-elementor-id=\"56\" class=\"elementor elementor-56\" data-elementor-post-type=\"page\">\n\t\t\t\t\t\t<section class=\"elementor-section elementor-top-section elementor-element elementor-element-18a846e0 elementor-section-boxed elementor-section-height-default elementor-section-height-default\" data-id=\"18a846e0\" data-element_type=\"section\" data-e-type=\"section\">\n\t\t\t\t\t\t<div class=\"elementor-container elementor-column-gap-default\">\n\t\t\t\t\t<div class=\"elementor-column elementor-col-100 elementor-top-column elementor-element elementor-element-74b62495\" data-id=\"74b62495\" data-element_type=\"column\" data-e-type=\"column\">\n\t\t\t<div class=\"elementor-widget-wrap elementor-element-populated\">\n\t\t\t\t\t\t<div class=\"elementor-element elementor-element-31ea0f4d elementor-widget elementor-widget-text-editor\" data-id=\"31ea0f4d\" data-element_type=\"widget\" data-e-type=\"widget\" data-widget_type=\"text-editor.default\">\n\t\t\t\t<div class=\"elementor-widget-container\">\n\t\t\t\t\t\t\t\t\t<h5 role=\"heading\" data-uw-rm-heading=\"level\" aria-level=\"1\"><strong>OFFRES D&#8217;EMPLOI ACTUELLES<\/strong><\/h5>\n<p><strong><a href=\"https:\/\/laboiteasoleil.ca\/fra\/wp-content\/uploads\/2025\/09\/AGENTE-DE-SOUTIEN-AUX-OPERATIONS-Welland-OFFRE-DEMPLOI.pdf\" target=\"_blank\" rel=\"noopener\" aria-label=\"\u00c9DUCATRICE\/\u00c9DUCATEUR SUPPORT - ouvrir dans un nouvel onglet\" data-uw-rm-ext-link=\"\" data-uw-pdf-br=\"1\" data-uw-pdf-doc=\"\">CHEF DE CUISINE<\/a><br><\/strong>La Bo\u00eete \u00e0 soleil est \u00e0 la recherche d\u2019un(e) Chef de cuisine pour nos centres \u00e9ducatifs de la r\u00e9gion du Niagara et de Hamilton. Le Chef de cuisine est responsable de la planification, de l\u2019organisation et de la supervision des op\u00e9rations de la cuisine centrale qui fournit quotidiennement repas et collations aux enfants fr\u00e9quentant nos services de garde (3 mois \u00e0 4 ans) ainsi qu\u2019aux programmes avant et apr\u00e8s l\u2019\u00e9cole pour les enfants d\u2019\u00e2ge scolaire. Le Chef de cuisine assure la pr\u00e9paration et la cuisson des aliments en appliquant des m\u00e9thodes appropri\u00e9es et conformes aux normes d\u2019hygi\u00e8ne et de s\u00e9curit\u00e9 alimentaire. Il \u00e9labore des menus sains, \u00e9quilibr\u00e9s et adapt\u00e9s aux besoins nutritionnels des jeunes enfants. En parall\u00e8le, il assume la responsabilit\u00e9 de la gestion rigoureuse des co\u00fbts li\u00e9s aux denr\u00e9es alimentaires et \u00e0 la main d\u2019oeuvre, de fa\u00e7on \u00e0 optimiser les ressources disponibles, respecter le budget allou\u00e9 et garantir la rentabilit\u00e9 de la cuisine.&nbsp;<br><strong><a href=\"https:\/\/laboiteasoleil.ca\/fra\/wp-content\/uploads\/2025\/11\/Chef-de-cuisine.pdf\" target=\"_blank\" rel=\"noopener\" aria-label=\"En savoir plus. - ouvrir dans un nouvel onglet\" data-uw-rm-ext-link=\"\" data-uw-pdf-br=\"1\" data-uw-pdf-doc=\"\">En savoir plus.<\/a><br><\/strong><a href=\"https:\/\/survey.alchemer-ca.com\/s3\/50133403\/Recrutement-Formulaire-de-demande-d-emploi\" target=\"_blank\" rel=\"noopener\" data-uw-rm-brl=\"PR\" data-uw-original-href=\"https:\/\/survey.alchemer-ca.com\/s3\/50133403\/Recrutement-Formulaire-de-demande-d-emploi\" aria-label=\"Postulez aujourd'hui! - ouvrir dans un nouvel onglet\" data-uw-rm-ext-link=\"\" style=\"font-weight: bolder; background-color: rgb(255, 255, 255);\"><span style=\"color: #ea4e50;\">Postulez aujourd&#8217;hui!<\/span><\/a><br><br><\/p>\n<p><strong><a href=\"https:\/\/laboiteasoleil.ca\/fra\/wp-content\/uploads\/2024\/06\/Generique-Educatrice-Educateur-support-Niagara-TP-FIXE.pdf\" target=\"_blank\" rel=\"noopener\" aria-label=\"\u00c9DUCATRICE\/\u00c9DUCATEUR SUPPORT - ouvrir dans un nouvel onglet\" data-uw-rm-ext-link=\"\" data-uw-pdf-br=\"1\" data-uw-pdf-doc=\"\">\u00c9DUCATRICE\/\u00c9DUCATEUR SUPPORT<\/a><br><\/strong>La Bo\u00eete \u00e0 soleil est \u00e0 la recherche d\u2019un(e) \u00e9ducatrice\/\u00e9ducateur support pour nos garderies de la r\u00e9gion du Niagara. L\u2019\u00e9ducatrice\/\u00e9ducateur support travaille en \u00e9quipe avec les autres \u00e9ducatrices et \u00e9ducateurs du centre afin de fournir des services \u00e9ducatifs et un programme d\u2019apprentissage de qualit\u00e9 aux enfants inscrits \u00e0 la garderie tout en respectant le code de d\u00e9ontologie de la profession et les politiques mises en place par l\u2019organisme (3 jours de formation pay\u00e9e seront offerts). <strong><a href=\"https:\/\/laboiteasoleil.ca\/fra\/wp-content\/uploads\/2024\/06\/Generique-Educatrice-Educateur-support-Niagara-TP-FIXE.pdf\" target=\"_blank\" rel=\"noopener\" aria-label=\"En savoir plus. - ouvrir dans un nouvel onglet\" data-uw-rm-ext-link=\"\" data-uw-pdf-br=\"1\" data-uw-pdf-doc=\"\">En savoir plus.<\/a><\/strong><br><span style=\"font-weight: bolder;\"><a href=\"https:\/\/survey.alchemer-ca.com\/s3\/50133403\/Recrutement-Formulaire-de-demande-d-emploi\" target=\"_blank\" rel=\"noopener\" data-uw-rm-brl=\"PR\" data-uw-original-href=\"https:\/\/survey.alchemer-ca.com\/s3\/50133403\/Recrutement-Formulaire-de-demande-d-emploi\" aria-label=\"Postulez aujourd'hui! - ouvrir dans un nouvel onglet\" data-uw-rm-ext-link=\"\"><span style=\"color: #ea4e50;\">Postulez aujourd&#8217;hui!<\/span><\/a><\/span><\/p>\n<p><span style=\"color: #ff0000;\">&nbsp;<\/span><\/p>\n<p><strong><a href=\"https:\/\/laboiteasoleil.ca\/fra\/wp-content\/uploads\/2024\/06\/Educatrice-SUPPLEANTE.pdf\" target=\"_blank\" rel=\"noopener\" aria-label=\"\u00c9DUCATRICE\/\u00c9DUCATEUR SUPPL\u00c9ANT(E) - ouvrir dans un nouvel onglet\" data-uw-rm-ext-link=\"\" data-uw-pdf-br=\"1\" data-uw-pdf-doc=\"\">\u00c9DUCATRICE\/\u00c9DUCATEUR SUPPL\u00c9ANT(E)<\/a><br><\/strong>La Bo\u00eete \u00e0 soleil est \u00e0 la recherche d\u2019un(e) \u00e9ducatrice\/\u00e9ducateur suppl\u00e9ant(e) d\u00e9sirant \u0153uvrer aupr\u00e8s des enfants et des familles dans nos 7 garderies de la r\u00e9gion situ\u00e9es \u00e0 Welland, Port Colborne, St. Catharines et Niagara Falls. Cette position est sur appel et au besoin avec des heures variables. <strong><a href=\"https:\/\/laboiteasoleil.ca\/fra\/wp-content\/uploads\/2024\/06\/Educatrice-SUPPLEANTE.pdf\" target=\"_blank\" rel=\"noopener\" aria-label=\"En savoir plus. - ouvrir dans un nouvel onglet\" data-uw-rm-ext-link=\"\" data-uw-pdf-br=\"1\" data-uw-pdf-doc=\"\">En savoir plus.<\/a><\/strong><br><span style=\"font-weight: bolder;\"><a href=\"https:\/\/survey.alchemer-ca.com\/s3\/50133403\/Recrutement-Formulaire-de-demande-d-emploi\" target=\"_blank\" rel=\"noopener\" data-uw-rm-brl=\"PR\" data-uw-original-href=\"https:\/\/survey.alchemer-ca.com\/s3\/50133403\/Recrutement-Formulaire-de-demande-d-emploi\" aria-label=\"Postulez aujourd'hui! - ouvrir dans un nouvel onglet\" data-uw-rm-ext-link=\"\"><span style=\"color: #ea4e50;\">Postulez aujourd&#8217;hui!<\/span><\/a><\/span><\/p>\n<p><span style=\"color: #ff0000;\">&nbsp;<\/span><\/p>\n<p>\u00c0 NOTER : ce poste peut devenir un emploi permanent, selon les besoins de l\u2019organisation.<\/p>\n<p><strong>Toute personne int\u00e9ress\u00e9e doit faire parvenir une candidature avec lettre de motivation et curriculum vitae r\u00e9dig\u00e9s en fran\u00e7ais \u00e0 l\u2019attention de la gestionnaire au ressources humaines Katie Robinson, 905-735-1840 poste 31,&nbsp; <a href=\"mailto:adminrh@laboiteasoleil.ca\">adminrh@laboiteasoleil.ca<\/a>.<\/strong><\/p>\n<p><strong>&nbsp;<\/strong><\/p>\n<hr>\n<p><strong><a href=\"https:\/\/laboiteasoleil.ca\/fra\/wp-content\/uploads\/2024\/06\/Generique-Educatrice-Educateur-EPE-I-TEMPS-PLEIN.pdf\" target=\"_blank\" rel=\"noopener\" aria-label=\"\u00c9ducatrice-\u00c9ducateur (EPE-I) - TEMPS PLEIN - ouvrir dans un nouvel onglet\" data-uw-rm-ext-link=\"\" data-uw-pdf-br=\"1\" data-uw-pdf-doc=\"\">\u00c9ducatrice-\u00c9ducateur (EPE-I) &#8211; TEMPS PLEIN<\/a> <\/strong><\/p>\n<p><strong><a href=\"https:\/\/laboiteasoleil.ca\/fra\/wp-content\/uploads\/2024\/06\/Generique-Educatrice-Educateur-support-Niagara.pdf\" target=\"_blank\" rel=\"noopener\" aria-label=\"\u00c9ducatrice-\u00c9ducateur support - TEMPS PLEIN - ouvrir dans un nouvel onglet\" data-uw-rm-ext-link=\"\" data-uw-pdf-br=\"1\" data-uw-pdf-doc=\"\">\u00c9ducatrice-\u00c9ducateur support &#8211; TEMPS PLEIN<\/a><\/strong><\/p>\n<hr>\n<p>\u00c0 La Bo\u00eete \u00e0 soleil, vos aspirations peuvent devenir r\u00e9alit\u00e9! En tant que plus grand centre pr\u00e9scolaire francophone du Niagara, nous offrons de nombreuses fa\u00e7ons de fa\u00e7onner votre avenir, que ce soit dans le secteur de l\u2019\u00e9ducation pour la petite enfance, de l\u2019administration ou comme personnel de soutien.<\/p>\n<p>Nous sommes \u00e0 la recherche d\u2019\u00e9ducatrices support, d\u2019\u00e9ducatrices flottantes et d\u2019\u00e9ducatrices suppl\u00e9antes pour supporter nos 7 garderies \u00e0 travers la r\u00e9gion :&nbsp; &nbsp;La Bo\u00eete \u00e0 soleil&nbsp; LaMarsh \u00e0 Niagara Falls, La Bo\u00eete \u00e0 soleil&nbsp; Saint Joseph \u00e0 Port Colborne, La Bo\u00eete \u00e0 soleil Fitch \/ La Bo\u00eete \u00e0 soleil Nouvel Horizon \/ La Bo\u00eete \u00e0 soleil Franco-Niagara \u00e0 Welland, La Bo\u00eete \u00e0 soleil&nbsp; L&#8217;H\u00e9ritage \/La Bo\u00eete \u00e0 soleil&nbsp; Sainte-Marguerite-Bourgeoys \u00e0 Saint Catharines.<\/p>\n<p>Les \u00e9ducatrices suppl\u00e9antes ont pour t\u00e2che de remplacer occasionnellement les employ\u00e9es en cong\u00e9 maladie, cong\u00e9 personnel ou vacances dans toutes nos garderies alors que les \u00e9ducatrices flottantes sont sur des contrats \u00e0 temps plein.<\/p>\n<h5 role=\"heading\" data-uw-rm-heading=\"level\" aria-level=\"2\"><strong>Exigences requises<\/strong><\/h5>\n<ul>\n<li>Poss\u00e9der au minimum son dipl\u00f4me d\u2019\u00e9tudes secondaires;<\/li>\n<li>Parler couramment le fran\u00e7ais, avoir l\u2019esprit d\u2019\u00e9quipe et d\u00e9montrer une attitude positive;<\/li>\n<li>\u00catre flexible car les lieux et les horaires de travail peuvent varier;<\/li>\n<li>\u00catre dynamique, responsable et passionn\u00e9e dans son travail au quotidien;<\/li>\n<li>Faire preuve d\u2019un bon sens de l\u2019organisation et de cr\u00e9ativit\u00e9;<\/li>\n<li>Poss\u00e9der un permis de conduire valide de l\u2019Ontario et avoir acc\u00e8s \u00e0 un v\u00e9hicule ou \u00eatre capable de se d\u00e9placer;<\/li>\n<li>\u00catre capable de lever et d\u00e9placer des enfants, du mat\u00e9riel de programmation, du mat\u00e9riel de garderie et des \u00e9piceries (40 livres\/18,2 kg)<\/li>\n<li>Fournir une preuve d\u2019immunisation, un relev\u00e9 d\u2019ant\u00e9c\u00e9dents criminels pour travailler dans le secteur vuln\u00e9rable (\u00e9mis dans les six derniers mois) et une certification en premiers soins.<\/li>\n<\/ul>\n<p>Nous sommes \u00e9galement toujours \u00e0 la recherche d\u2019<strong>\u00e9ducatrices de la petite enfance qualifi\u00e9es<\/strong>&nbsp;qui parlent couramment le fran\u00e7ais et poss\u00e8dent une fiert\u00e9 envers la langue et la culture fran\u00e7aise, qui ont \u00e0 c\u0153ur le bien-\u00eatre et le d\u00e9veloppement des enfants, qui poss\u00e8dent le sens du leadership, une attitude positive, et le d\u00e9sir d\u2019apprendre et de travailler en d\u2019\u00e9quipe. Joignez-vous \u00e0 notre grande \u00e9quipe dynamique.<\/p>\n<h5 role=\"heading\" data-uw-rm-heading=\"level\" aria-level=\"3\"><strong>Pourquoi travailler \u00e0 La Bo\u00eete \u00e0 soleil?<\/strong><\/h5>\n<ul>\n<li>Nous offrons des emplois permanents \u00e0 temps plein et \u00e0 temps partiel.<\/li>\n<li>Nos salaires sont comp\u00e9titifs.<\/li>\n<li>Nous offrons plusieurs b\u00e9n\u00e9fices dont un plan complet de reconnaissance des employ\u00e9.es, de la formation continue, un programme d\u2019assurances collectives incluant sant\u00e9 et dentaire ainsi qu\u2019un programme d\u2019aide aux employ\u00e9.es, un programme de REER et pour le personnel \u00e9ligible, nous offrons deux semaines de vacances pay\u00e9es pendant la p\u00e9riode des f\u00eates durant laquelle nos centres sont ferm\u00e9s.<\/li>\n<\/ul>\n<h5 role=\"heading\" data-uw-rm-heading=\"level\" aria-level=\"4\"><strong>Le personnel r\u00e9gulier est admissible \u00e0 recevoir:<\/strong><\/h5>\n<ul>\n<li>Un plan de vacances g\u00e9n\u00e9reux allant jusqu\u2019\u00e0 six semaines par ann\u00e9e en fonction des ann\u00e9es de service.<\/li>\n<li>Jusqu\u2019\u00e0 10 jours personnel\/maladie pay\u00e9s par ann\u00e9e<\/li>\n<li>L\u2019adh\u00e9sion au ECCDC (Early Childhood Community Development Centre)<\/li>\n<li>Des opportunit\u00e9s vari\u00e9es de d\u00e9veloppement professionnel<\/li>\n<li>Le renouvellement pay\u00e9 de la formation en secourisme et en RCR<\/li>\n<li>Un REER de groupe et des options de retenues sur la paie<\/li>\n<li>Un plan complet de b\u00e9n\u00e9fices (sant\u00e9 et soins dentaires) pour le personnel de 25 heures ou plus par semaine<\/li>\n<\/ul>\n<h5 role=\"presentation\" aria-hidden=\"true\" data-uw-rm-heading=\"hide\"><strong>Le personnel de suppl\u00e9ance a acc\u00e8s \u00e0:<\/strong><span class=\"data-uw-rm-autofix-hide\" data-uw-reader-element=\"\" data-uw-rm-ignore=\"\" style=\"color: rgb(255, 255, 255) !important; background: rgb(0, 0, 0) !important; clip: rect(1px, 1px, 1px, 1px) !important; clip-path: inset(50%) !important; height: 1px !important; width: 1px !important; margin: -1px !important; overflow: hidden !important; padding: 0px !important; position: absolute !important;\">Empty heading<\/span><\/h5>\n<ul>\n<li>L\u2019adh\u00e9sion au ECCDC (Early Childhood Community Development Centre)<\/li>\n<li>Des exp\u00e9riences et possibilit\u00e9s de travailler dans l\u2019ensemble de nos centres avec divers groupes d\u2019\u00e2ge<\/li>\n<li>Des opportunit\u00e9s vari\u00e9es de d\u00e9veloppement professionnel<\/li>\n<li>Le renouvellement pay\u00e9 de la formation en secourisme et en RCR<\/li>\n<\/ul>\n<p>Les personnes int\u00e9ress\u00e9es \u00e0 pr\u00e9senter leur candidature doivent faire parvenir leur curriculum vit\u00e6 ainsi qu\u2019une lettre expliquant leur motivation en fran\u00e7ais \u00e0 l\u2019attention de : Katie Robinson &#8211; Gestionnaire au ressources humaines <strong><a href=\"mailto:adminrh@laboiteasoleil.ca\">adminrh@laboiteasoleil.ca<\/a><\/strong><\/p>\n<p>Nous remercions tous les candidats et toutes les candidates de leur int\u00e9r\u00eat. Toutefois nous communiquerons seulement avec les personnes retenues pour une entrevue.<\/p>\n<p><em>&nbsp;* La Bo\u00eete \u00e0 soleil souscrit aux principes d\u2019\u00e9quit\u00e9 en mati\u00e8re d\u2019emploi. Elle est un employeur qui souscrit au principe de l\u2019\u00e9quit\u00e9 en mati\u00e8re d\u2019emploi. Les candidats qualifi\u00e9s seront consid\u00e9r\u00e9s sans \u00e9gard \u00e0 l\u2019\u00e2ge, la race, la croyance, la couleur, l\u2019origine nationale, l\u2019ascendance, l\u2019\u00e9tat matrimonial, l\u2019orientation affective ou sexuelle, l\u2019identit\u00e9 sexuelle ou l\u2019expression, le handicap, la nationalit\u00e9, le sexe ou le statut de v\u00e9t\u00e9ran.<\/em><i>Gestionnaire au ressources humaines&nbsp;<\/i><\/p>\n<p style=\"text-align: center;\">\n<\/p>\t\t\t\t\t\t\t\t<\/div>\n\t\t\t\t<\/div>\n\t\t\t\t\t<\/div>\n\t\t<\/div>\n\t\t\t\t\t<\/div>\n\t\t<\/section>\n\t\t\t\t<\/div>\n\t\t","protected":false},"excerpt":{"rendered":"<p>OFFRES D&#8217;EMPLOI ACTUELLES CHEF DE CUISINELa Bo\u00eete \u00e0 soleil est \u00e0 la recherche d\u2019un(e) Chef de cuisine pour nos centres \u00e9ducatifs de la r\u00e9gion du Niagara et de Hamilton. Le Chef de cuisine est responsable de la planification, de l\u2019organisation et de la supervision des op\u00e9rations de la cuisine centrale qui fournit quotidiennement repas et [&hellip;]<\/p>\n","protected":false},"author":1,"featured_media":0,"parent":0,"menu_order":0,"comment_status":"closed","ping_status":"closed","template":"","meta":{"_monsterinsights_skip_tracking":false,"_monsterinsights_sitenote_active":false,"_monsterinsights_sitenote_note":"","_monsterinsights_sitenote_category":0,"footnotes":""},"class_list":["post-56","page","type-page","status-publish","hentry"],"_links":{"self":[{"href":"https:\/\/laboiteasoleil.ca\/fra\/wp-json\/wp\/v2\/pages\/56","targetHints":{"allow":["GET"]}}],"collection":[{"href":"https:\/\/laboiteasoleil.ca\/fra\/wp-json\/wp\/v2\/pages"}],"about":[{"href":"https:\/\/laboiteasoleil.ca\/fra\/wp-json\/wp\/v2\/types\/page"}],"author":[{"embeddable":true,"href":"https:\/\/laboiteasoleil.ca\/fra\/wp-json\/wp\/v2\/users\/1"}],"replies":[{"embeddable":true,"href":"https:\/\/laboiteasoleil.ca\/fra\/wp-json\/wp\/v2\/comments?post=56"}],"version-history":[{"count":126,"href":"https:\/\/laboiteasoleil.ca\/fra\/wp-json\/wp\/v2\/pages\/56\/revisions"}],"predecessor-version":[{"id":8537,"href":"https:\/\/laboiteasoleil.ca\/fra\/wp-json\/wp\/v2\/pages\/56\/revisions\/8537"}],"wp:attachment":[{"href":"https:\/\/laboiteasoleil.ca\/fra\/wp-json\/wp\/v2\/media?parent=56"}],"curies":[{"name":"wp","href":"https:\/\/api.w.org\/{rel}","templated":true}]}}