{"id":7558,"date":"2015-07-20T04:16:55","date_gmt":"2015-07-20T04:16:55","guid":{"rendered":"https:\/\/staging.laboiteasoleil.ca\/fra\/?page_id=7558"},"modified":"2025-11-06T20:45:26","modified_gmt":"2025-11-06T20:45:26","slug":"employment-opportunities","status":"publish","type":"page","link":"https:\/\/laboiteasoleil.ca\/fra\/en\/employment-opportunities\/","title":{"rendered":"Employment Opportunities"},"content":{"rendered":"\t\t<div data-elementor-type=\"wp-page\" data-elementor-id=\"7558\" class=\"elementor elementor-7558\" data-elementor-post-type=\"page\">\n\t\t\t\t\t\t<section class=\"elementor-section elementor-top-section elementor-element elementor-element-18a846e0 elementor-section-boxed elementor-section-height-default elementor-section-height-default\" data-id=\"18a846e0\" data-element_type=\"section\" data-e-type=\"section\">\n\t\t\t\t\t\t<div class=\"elementor-container elementor-column-gap-default\">\n\t\t\t\t\t<div class=\"elementor-column elementor-col-100 elementor-top-column elementor-element elementor-element-74b62495\" data-id=\"74b62495\" data-element_type=\"column\" data-e-type=\"column\">\n\t\t\t<div class=\"elementor-widget-wrap elementor-element-populated\">\n\t\t\t\t\t\t<div class=\"elementor-element elementor-element-31ea0f4d elementor-widget elementor-widget-text-editor\" data-id=\"31ea0f4d\" data-element_type=\"widget\" data-e-type=\"widget\" data-widget_type=\"text-editor.default\">\n\t\t\t\t<div class=\"elementor-widget-container\">\n\t\t\t\t\t\t\t\t\t<h5><strong>CURRENT POSITIONS<\/strong><\/h5><p><strong><a href=\"https:\/\/laboiteasoleil.ca\/fra\/wp-content\/uploads\/2025\/09\/AGENTE-DE-SOUTIEN-AUX-OPERATIONS-Welland-OFFRE-DEMPLOI.pdf\" target=\"_blank\" rel=\"noopener\" aria-label=\"\u00c9DUCATRICE\/\u00c9DUCATEUR SUPPORT - ouvrir dans un nouvel onglet\" data-uw-rm-ext-link=\"\" data-uw-pdf-br=\"1\" data-uw-pdf-doc=\"\">CHEF DE CUISINE<\/a><br \/><\/strong>La Bo\u00eete \u00e0 soleil est \u00e0 la recherche d\u2019un(e) Chef de cuisine pour nos centres \u00e9ducatifs de la r\u00e9gion du Niagara et de Hamilton. Le Chef de cuisine est responsable de la planification, de l\u2019organisation et de la supervision des op\u00e9rations de la cuisine centrale qui fournit quotidiennement repas et collations aux enfants fr\u00e9quentant nos services de garde (3 mois \u00e0 4 ans) ainsi qu\u2019aux programmes avant et apr\u00e8s l\u2019\u00e9cole pour les enfants d\u2019\u00e2ge scolaire. Le Chef de cuisine assure la pr\u00e9paration et la cuisson des aliments en appliquant des m\u00e9thodes appropri\u00e9es et conformes aux normes d\u2019hygi\u00e8ne et de s\u00e9curit\u00e9 alimentaire. Il \u00e9labore des menus sains, \u00e9quilibr\u00e9s et adapt\u00e9s aux besoins nutritionnels des jeunes enfants. En parall\u00e8le, il assume la responsabilit\u00e9 de la gestion rigoureuse des co\u00fbts li\u00e9s aux denr\u00e9es alimentaires et \u00e0 la main d\u2019oeuvre, de fa\u00e7on \u00e0 optimiser les ressources disponibles, respecter le budget allou\u00e9 et garantir la rentabilit\u00e9 de la cuisine.\u00a0<br \/><strong><a href=\"https:\/\/laboiteasoleil.ca\/fra\/wp-content\/uploads\/2025\/11\/Chef-de-cuisine.pdf\" target=\"_blank\" rel=\"noopener\" aria-label=\"En savoir plus. - ouvrir dans un nouvel onglet\" data-uw-rm-ext-link=\"\" data-uw-pdf-br=\"1\" data-uw-pdf-doc=\"\">En savoir plus.<\/a><br \/><\/strong><a style=\"font-weight: bolder; background-color: #ffffff;\" href=\"https:\/\/survey.alchemer-ca.com\/s3\/50133403\/Recrutement-Formulaire-de-demande-d-emploi\" target=\"_blank\" rel=\"noopener\" data-uw-rm-brl=\"PR\" data-uw-original-href=\"https:\/\/survey.alchemer-ca.com\/s3\/50133403\/Recrutement-Formulaire-de-demande-d-emploi\" aria-label=\"Postulez aujourd'hui! - ouvrir dans un nouvel onglet\" data-uw-rm-ext-link=\"\"><span style=\"color: #ea4e50;\">Postulez aujourd&#8217;hui!<\/span><\/a><\/p><p>\u00a0<\/p><p><strong><a href=\"https:\/\/laboiteasoleil.ca\/fra\/wp-content\/uploads\/2024\/06\/Generique-Educatrice-Educateur-support-Niagara-TP-FIXE.pdf\" target=\"_blank\" rel=\"noopener\">\u00c9DUCATRICE\/\u00c9DUCATEUR SUPPORT<\/a><br \/><\/strong>La Bo\u00eete \u00e0 soleil est \u00e0 la recherche d\u2019un(e) \u00e9ducatrice\/\u00e9ducateur support pour nos garderies de la r\u00e9gion du Niagara. L\u2019\u00e9ducatrice\/\u00e9ducateur support travaille en \u00e9quipe avec les autres \u00e9ducatrices et \u00e9ducateurs du centre afin de fournir des services \u00e9ducatifs et un programme d\u2019apprentissage de qualit\u00e9 aux enfants inscrits \u00e0 la garderie tout en respectant le code de d\u00e9ontologie de la profession et les politiques mises en place par l\u2019organisme (3 jours de formation pay\u00e9e seront offerts). <strong><a href=\"https:\/\/laboiteasoleil.ca\/fra\/wp-content\/uploads\/2024\/06\/Generique-Educatrice-Educateur-support-Niagara-TP-FIXE.pdf\" target=\"_blank\" rel=\"noopener\">En savoir plus.<\/a><\/strong><br \/><span style=\"font-weight: bolder;\"><a href=\"https:\/\/survey.alchemer-ca.com\/s3\/50133403\/Recrutement-Formulaire-de-demande-d-emploi\" target=\"_blank\" rel=\"noopener\"><span style=\"color: #ea4e50;\">Postulez aujourd&#8217;hui!<\/span><\/a><\/span><\/p><p><span style=\"color: #ff0000;\">\u00a0<\/span><\/p><p><strong><a href=\"https:\/\/laboiteasoleil.ca\/fra\/wp-content\/uploads\/2024\/06\/Educatrice-SUPPLEANTE.pdf\" target=\"_blank\" rel=\"noopener\">\u00c9DUCATRICE\/\u00c9DUCATEUR SUPPL\u00c9ANT(E)<\/a><br \/><\/strong>La Bo\u00eete \u00e0 soleil est \u00e0 la recherche d\u2019un(e) \u00e9ducatrice\/\u00e9ducateur suppl\u00e9ant(e) d\u00e9sirant \u0153uvrer aupr\u00e8s des enfants et des familles dans nos 7 garderies de la r\u00e9gion situ\u00e9es \u00e0 Welland, Port Colborne, St. Catharines et Niagara Falls. Cette position est sur appel et au besoin avec des heures variables. <strong><a href=\"https:\/\/laboiteasoleil.ca\/fra\/wp-content\/uploads\/2024\/06\/Educatrice-SUPPLEANTE.pdf\" target=\"_blank\" rel=\"noopener\">En savoir plus.<\/a><\/strong><br \/><span style=\"font-weight: bolder;\"><a href=\"https:\/\/survey.alchemer-ca.com\/s3\/50133403\/Recrutement-Formulaire-de-demande-d-emploi\" target=\"_blank\" rel=\"noopener\"><span style=\"color: #ea4e50;\">Postulez aujourd&#8217;hui!<\/span><\/a><\/span><\/p><p><span style=\"color: #ff0000;\">\u00a0<\/span><\/p><p>\u00c0 NOTER : ce poste peut devenir un emploi permanent, selon les besoins de l\u2019organisation.<\/p><p><strong>Toute personne int\u00e9ress\u00e9e doit faire parvenir une candidature avec lettre de motivation et curriculum vitae r\u00e9dig\u00e9s en fran\u00e7ais \u00e0 l\u2019attention de la gestionnaire au ressources humaines Katie Robinson, 905-735-1840 poste 31,\u00a0 <a href=\"mailto:adminrh@laboiteasoleil.ca\">adminrh@laboiteasoleil.ca<\/a>.<\/strong><\/p><p><strong>\u00a0<\/strong><\/p><hr \/><p><strong><a href=\"https:\/\/laboiteasoleil.ca\/fra\/wp-content\/uploads\/2024\/06\/Generique-Educatrice-Educateur-EPE-I-TEMPS-PLEIN.pdf\" target=\"_blank\" rel=\"noopener\">\u00c9ducatrice-\u00c9ducateur (EPE-I) &#8211; TEMPS PLEIN<\/a> <\/strong><\/p><p><strong><a href=\"https:\/\/laboiteasoleil.ca\/fra\/wp-content\/uploads\/2024\/06\/Generique-Educatrice-Educateur-support-Niagara.pdf\" target=\"_blank\" rel=\"noopener\">\u00c9ducatrice-\u00c9ducateur support &#8211; TEMPS PLEIN<\/a><\/strong><\/p><hr \/><p>At La Bo\u00eete \u00e0 soleil, your aspirations can become reality! As Niagara\u2019s largest French-language preschool center, we offer many ways to shape your future, whether in early childhood education, administration or as support staff.<\/p><p>We are looking for Support Educators, Floating Educators and Alternate Educators to support our 7 daycares across the region: La Bo\u00eete \u00e0 soleil LaMarsh in Niagara Falls, La Bo\u00eete \u00e0 soleil Saint Joseph in Port Colborne, La Bo\u00eete \u00e0 soleil Empress \/ La Bo\u00eete \u00e0 soleil Fitch \/ La Bo\u00eete \u00e0 soleil Nouvel Horizon \/ La Bo\u00eete \u00e0 soleil Franco-Niagara in Welland.<\/p><p>Substitute educators are responsible for occasionally replacing employees on sick leave, personal leave or vacation in all of our daycares, while floating educators are on full-time contracts.<\/p><h5><strong>Requirements<\/strong><\/h5><ul><li>Possess at least a high school diploma;<\/li><li>Fluent in French, team player and positive attitude;<\/li><li>Be flexible as work locations and schedules may vary;<\/li><li>Be dynamic, responsible and passionate in your daily work;<\/li><li>Demonstrate good organizational skills and creativity;<\/li><li>Possess a valid Ontario driver\u2019s license and have access to a vehicle or be able to move around;<\/li><li>Ability to lift and move children, programming materials, daycare equipment and groceries (40 lbs\/18.2 kg).<\/li><li>Provide proof of immunization, a criminal record for working in the vulnerable sector (issued within the last six months) and first aid certification.<\/li><\/ul><p>We are also always looking for qualified Early Childhood Educators who are fluent in French and have pride in the French language and culture, who are committed to the well-being and development of children, have leadership skills, a positive attitude, and a desire to learn and work as a team player. Join our large and dynamic team.<\/p><h5><strong>Why work at La Bo\u00eete \u00e0 soleil?<\/strong><\/h5><ul><li>We offer permanent full-time and part-time jobs.<\/li><li>Our salaries are competitive.<\/li><li>We offer many benefits including a complete employee recognition plan, continuing education, a group insurance program including health and dental, an employee assistance program, an RRSP program and for eligible employees, we offer two weeks of paid vacation during the holiday season when our centers are closed.<\/li><\/ul><h5><strong>Regular staff are eligible to receive:<\/strong><\/h5><ul><li>A generous vacation plan of up to six weeks per year based on years of service.<\/li><li>Up to 10 paid staff\/sick days per year.<\/li><li>Membership in the Early Childhood Community Development Centre (ECCDC)<\/li><li>Varied opportunities for professional development<\/li><li>Paid renewal of first aid and CPR training<\/li><li>Group RRSP and payroll deduction options<\/li><li>A comprehensive benefits plan (health and dental) for staff of 25 hours or more per week<\/li><\/ul><h5><strong>Substitute staff has access to:<\/strong><\/h5><ul><li>Membership in the Early Childhood Community Development Centre (ECCDC)<\/li><li>Experiences and opportunities to work in all of our centers with various age groups<\/li><li>Varied opportunities for professional development<\/li><li>Paid renewal of first aid and CPR training<\/li><\/ul><p><strong>Interested candidates should send an application with a cover letter and resume written in French to the attention of Human Resources Manager Katie Robinson, 905-735-1840 ext. 31, <a href=\"mailto:adminrh@laboiteasoleil.ca\">adminrh@laboiteasoleil.ca<\/a>.<\/strong><\/p><p>We thank all applicants for their interest. However, only those selected for an interview will be contacted.<\/p><p><em>* La Bo\u00eete \u00e0 soleil is committed to the principles of employment equity. It is an employer who subscribes to the principle of employment equity. Qualified candidates will be considered without regard to age, race, creed, color, national origin, ancestry, marital status, emotional or sexual orientation, gender identity or expression, disability, nationality, sex or veteran status.<\/em><\/p>\t\t\t\t\t\t\t\t<\/div>\n\t\t\t\t<\/div>\n\t\t\t\t\t<\/div>\n\t\t<\/div>\n\t\t\t\t\t<\/div>\n\t\t<\/section>\n\t\t\t\t<\/div>\n\t\t","protected":false},"excerpt":{"rendered":"<p>CURRENT POSITIONS CHEF DE CUISINELa Bo\u00eete \u00e0 soleil est \u00e0 la recherche d\u2019un(e) Chef de cuisine pour nos centres \u00e9ducatifs de la r\u00e9gion du Niagara et de Hamilton. Le Chef de cuisine est responsable de la planification, de l\u2019organisation et de la supervision des op\u00e9rations de la cuisine centrale qui fournit quotidiennement repas et collations [&hellip;]<\/p>\n","protected":false},"author":1,"featured_media":0,"parent":0,"menu_order":0,"comment_status":"closed","ping_status":"closed","template":"","meta":{"_monsterinsights_skip_tracking":false,"_monsterinsights_sitenote_active":false,"_monsterinsights_sitenote_note":"","_monsterinsights_sitenote_category":0,"footnotes":""},"class_list":["post-7558","page","type-page","status-publish","hentry"],"_links":{"self":[{"href":"https:\/\/laboiteasoleil.ca\/fra\/wp-json\/wp\/v2\/pages\/7558","targetHints":{"allow":["GET"]}}],"collection":[{"href":"https:\/\/laboiteasoleil.ca\/fra\/wp-json\/wp\/v2\/pages"}],"about":[{"href":"https:\/\/laboiteasoleil.ca\/fra\/wp-json\/wp\/v2\/types\/page"}],"author":[{"embeddable":true,"href":"https:\/\/laboiteasoleil.ca\/fra\/wp-json\/wp\/v2\/users\/1"}],"replies":[{"embeddable":true,"href":"https:\/\/laboiteasoleil.ca\/fra\/wp-json\/wp\/v2\/comments?post=7558"}],"version-history":[{"count":22,"href":"https:\/\/laboiteasoleil.ca\/fra\/wp-json\/wp\/v2\/pages\/7558\/revisions"}],"predecessor-version":[{"id":8540,"href":"https:\/\/laboiteasoleil.ca\/fra\/wp-json\/wp\/v2\/pages\/7558\/revisions\/8540"}],"wp:attachment":[{"href":"https:\/\/laboiteasoleil.ca\/fra\/wp-json\/wp\/v2\/media?parent=7558"}],"curies":[{"name":"wp","href":"https:\/\/api.w.org\/{rel}","templated":true}]}}